**2 - 31*p - 20. Calculate the remainder when ((-6)/4)/((-9)/864) is divided by h(5).
19
Let l(v) = v**3 - 11*v**2 + 16*v + 30. What is the remainder when 234 is divided by l(9)?
6
Let y = -211 - -212. Let p(x) = 35*x**3 - 2*x**2 - 2*x + 3. What is the remainder when p(y) is divided by 12?
10
Suppose 10*n = 3*m + 827, m = 2*n + 11 - 176. What is the remainder when 455 is divided by n?
40
Let r = -27998 - -28054. Calculate the remainder when 2405 is divided by r.
53
Let b be (2/26)/((-78)/(-1014)). Let h(x) = 6*x**2 - 36*x + 35. Calculate the remainder when 16 is divided by h(b).
1
Let v = 6191 - 5779. Calculate the remainder when v is divided by 82.
2
Let i(h) = -h**3 - 25*h**2 - 25*h - 19. Let q be i(-24). Suppose q*x + 8*g - 3*g - 180 = 0, -3*x = -4*g - 94. Calculate the remainder when 203 is divided by x.
33
Suppose -4*u - 41 = -49. Suppose -5*m + 427 = -i, -u = 3*i - 11. What is the remainder when m is divided by 18?
14
Let g(c) = 54*c**2 + 51*c**2 + 2 + 22*c + 52*c**2 + 61*c**2 - 215*c**2. What is the remainder when g(-10) is divided by 28?
26
Suppose w = -4*j - 158, -3*j + 2*w - 121 = 4*w. Suppose -166*r + 169*r = -c + 378, -5*r + 610 = 5*c. What is the remainder when r is divided by (-7 - -1)*169/j?
24
Let t(l) = 38*l + 30. Let i be t(6). Suppose -15*c + i = -11*c - u, u - 318 = -5*c. What is the remainder when 314 is divided by c?
58
Let q(w) = -w**3 - 3*w**2 - w - 4. Let b be q(-4). Suppose b*g - 8*g - 104 = 0. What is the remainder when 284 is divided by g?
11
Let u(z) = z**2 + 2*z + 7. Suppose -4*y = 8, 5*p - 4*y + 0*y - 28 = 0. Suppose -p*x = -4, x + 8 = -4*v + 49. What is the remainder when u(-10) is divided by v?
7
Let p = -37549 + 38377. Calculate the remainder when p is divided by 410.
8
Let y(j) = -j**3 + 30*j**2 - 90*j + 1183. Calculate the remainder when y(27) is divided by 923.
17
Let m = -150 - 468. What is the remainder when m/3*(-7)/14 is divided by 1*2/9 - 266/(-18)?
13
Suppose -97*z + 2739 = 314. What is the remainder when 602 is divided by z?
2
Let r = -39 + 29. Let v = r - 10. Calculate the remainder when 4/v - 104/(-20) is divided by 4.
1
Let n(b) = 2*b + 7. Let r be n(-7). What is the remainder when 3*1 - (r + -4) is divided by 4*1 - (2 + -6 + 2)?
2
Suppose -110 + 124 = 2*l. Calculate the remainder when 238 is divided by l*470/210 - (-2)/6.
14
Suppose 2*l - l - 5*b + 14 = 0, 10 = 5*l - 5*b. Suppose l*i + 16 = -2*i. Calculate the remainder when 20 is divided by ((-24)/9)/(i/6).
4
Calculate the remainder when 680 is divided by -1 - (25/((-75)/144) + 4).
35
Let n(i) = 19*i**2 + 560*i - 126. What is the remainder when n(-35) is divided by 16?
13
Let c(f) = -f**3 - 26*f**2 - 122*f - 35. What is the remainder when 77 is divided by c(-20)?
2
Let l(c) = -35*c - 1907. What is the remainder when 1534 is divided by l(-69)?
10
Calculate the remainder when -5*(-5 + (-6992)/95) is divided by 135.
123
Calculate the remainder when 521 is divided by 3*(-21 + 894/18).
5
Suppose -5*x - 4*v + 384 = 0, 9*x - 6*x - 5*v - 223 = 0. Calculate the remainder when 845 is divided by x.
9
What is the remainder when (-8*(-3818)/(-115))/(4/(-10)) is divided by 19?
18
Let n(o) = 27*o + 71. Suppose -4*k + 25 = -131. What is the remainder when n(6) is divided by k?
38
Suppose -14*p = 4719 - 20413. What is the remainder when p is divided by 545?
31
Suppose 16 = 32*l - 30*l. Calculate the remainder when (63 - -2)*(-3)/(-5) is divided by ((-20)/l + 3)*16.
7
Let q(v) = 5*v + 37. Let c(g) = 2*g + 18. Let f(k) = -9*c(k) + 4*q(k). Calculate the remainder when f(36) is divided by 10.
8
Let p be (-4)/(64/4) - 26/(-8). Suppose -4*z - p*l + 36 = -7*l, z = -5*l + 27. Calculate the remainder when 63 is divided by z.
3
What is the remainder when 241 is divided by (-370)/(-15) - ((-22)/(-6) - 1)?
21
Let s(y) = -15*y**2 + 5*y + 4. Let j be s(-1). Let k(i) = i**3 + 15*i**2 - 56*i + 13. Calculate the remainder when k(j) is divided by 16.
13
Let w = -274 - -274. Calculate the remainder when -4 - 1*(-58 + (5 - w)) is divided by 2/1*(-75)/(-6).
24
What is the remainder when (-7)/(-3) + 20608/96 is divided by 2 - 26/(-2) - 4?
8
What is the remainder when 944/12*(5 - (-204)/24) is divided by 1060?
2
Let d(f) be the third derivative of f**5/60 - 19*f**4/24 + 19*f**3/3 - 50*f**2. What is the remainder when d(20) is divided by 34?
24
Suppose 312 - 1552 = -62*z. Let m be (-7 - -4)/(2/(-152)). Calculate the remainder when (2/(-4))/((-2)/m) is divided by z.
17
Let v be (-1)/(-3 - 70/(-25)). Suppose -1 = 2*w - v. Suppose w*z = -5*z + 637. What is the remainder when z is divided by 23?
22
Let l(d) = 10*d + 60. Let h = -108 + 103. Let j be l(h). Suppose -5*t = j*t - 75. What is the remainder when 33 is divided by t?
3
Let s be (2 - (-5874)/30) + (-3)/(-15). Let k = -132 + s. Suppose -33 = -69*l + k*l. What is the remainder when l is divided by 3?
2
Suppose -t - m = -18, -8*t + 12*t - 72 = -5*m. Suppose 0 = -t*k + 88 + 110. Calculate the remainder when k is divided by 4.
3
What is the remainder when 832 is divided by (-15)/(-2) + (-6)/(-4) - (-215 - -223)?
0
Suppose -96*g + 2*w + 1392 = -92*g, -366 = -g + 5*w. Calculate the remainder when g is divided by 82.
18
Suppose 18*c + 5*o - 1867 = 4*c, -c + 131 = -2*o. What is the remainder when 489 is divided by c?
90
Let g = -193 - -187. Calculate the remainder when ((-140)/(-25) + g)*-535 is divided by 44.
38
Let v(a) = -7*a**3 + 83*a**2 - 49*a - 89. Calculate the remainder when v(11) is divided by 102/5 - (-2)/(-5).
18
Suppose r = 21*r - 2640. Suppose -62*n = -65*n + r. What is the remainder when n is divided by 23?
21
Let h = 118 + -108. Let l be -7*(3/(-5))/(14/h). Suppose 3*f + 28 = r, -l*r + f = -8*r + 172. What is the remainder when r is divided by 4?
2
Suppose -202*p + 107*p - 1944 = -113*p. What is the remainder when 1187 is divided by p?
107
Let p(d) = 2*d + 2. Let w be p(-10). Let v = w - -38. Suppose -a + 2*a = 56. Calculate the remainder when a is divided by v.
16
Suppose -8*y + 956 + 228 = 0. Let d = y - -163. Calculate the remainder when d is divided by 26.
25
Suppose -31*v = -3*v - 1368 - 816. Let f = -32 + 77. What is the remainder when v is divided by f?
33
Let d be 8 + (-9)/99*-11. Let v(x) = -x**3 + x**2 - 2. Let g be v(-2). What is the remainder when 51 is divided by 7/((d + -4)/g)?
9
Suppose 11*d - 6*d = -3*z + 477, -4*d + z + 402 = 0. Let v = 4 + 0. What is the remainder when d is divided by v?
3
Let w = -8 + 56. Let i = -33 + 72. Suppose 0 = 5*m - 3*j - 469, -m - 5*j = -i - 38. Calculate the remainder when m is divided by w.
44
Suppose 183 = 5*r - o, -8*r + 4*r - 5*o = -129. Suppose 52*k + 202 = 54*k. What is the remainder when k is divided by r?
29
Suppose 4*t + m - 152 = -0*t, -3*t = -4*m - 114. Let a = -39 + t. What is the remainder when 13 is divided by (48/(-18))/(a/(3/2))?
1
Let k(d) be the first derivative of -d**4/2 + 13*d**3/3 - 7*d**2 + 62*d - 125. Calculate the remainder when k(6) is divided by (9/6)/(1/6).
5
Let h(v) = 116 + 7*v + 0*v - 56 - 37. Suppose -3*p + 6 = -12. Calculate the remainder when h(p) is divided by 17.
14
Let a(t) = -82*t**3 + 4*t**2 - 2. Let f = -36 + 37. Let i be a(f). What is the remainder when (-16)/i - (-59)/5 is divided by 2?
0
Suppose 0 = 2*y + d + 7, -31*d + 35*d + 10 = -2*y. What is the remainder when 230 is divided by (-51 - -95)/((-4)/y)?
32
Suppose -f = -4*r + 33, -3*r = -22*f + 18*f - 15. What is the remainder when 536 is divided by r?
5
Let w(m) = 58*m**2 + m. Let x be w(-1). Let s = 640 + -533. What is the remainder when s - (28/6 - 38/x) is divided by 35?
33
Calculate the remainder when 3946 is divided by ((-10)/6)/((-194)/(-27354)*5/(-2)).
92
Let c(z) be the first derivative of -z**4/4 - z**3/3 - 3*z**2/2 - 6*z + 11. What is the remainder when c(-3) is divided by 11/(-2)*-2 - 2/1?
3
Suppose 183*b = 87*b + 87*b + 333. Calculate the remainder when (-30)/4*(-88)/6 is divided by b.
36
What is the remainder when 351 is divided by 177/(-12)*(-3)/2*(-176)/(-33)?
115
Suppose 3*c + p = 101, 197 = 10*c - 4*p - 147. Calculate the remainder when 1732 is divided by c.
32
Suppose -2*a - a = -51. Suppose -32 + 8 = -12*t. Suppose -27 = -t*y - a. Calculate the remainder when 6 is divided by y.
1
Let g = -145 - -155. What is the remainder when 30 is divided by g/((-12)/(-6)) + -3?
